emainder when j(8) is divided by 6/9*15 - -1?
10
Suppose -38 = -2*d + 2*c, 3*d = -d - 3*c + 41. What is the remainder when (-12)/2*(-27)/6 is divided by d?
13
Let o be (3 - -2)/(-1)*1. Let p = -3 - o. Suppose p*s + 4*f - f = 54, -f + 46 = 2*s. Calculate the remainder when 61 is divided by s.
19
Suppose 0 = 3*i + 5*p - 45, -i = -6*i + p + 47. Let m be (-2)/(-3) + 61/3. Suppose 4*g - 3 - m = 0. Calculate the remainder when i is divided by g.
4
Calculate the remainder when 38 is divided by (-64)/40*25/(-2).
18
Suppose 0 = 4*y - w - 44, -2*y - 3*w + 6 = -2. Let v = 49 + -21. Calculate the remainder when v is divided by y.
8
Let y(o) = o**3 + 1. Let n be y(1). Suppose -6*l + 20 = -n*l. What is the remainder when 8 is divided by l?
3
Let v be (3/(-3))/(1/(-7)). Suppose b = 7 + v. Calculate the remainder when b is divided by 4.
2
Let m(q) = q**2 - 1. Let a be m(-2). Suppose -4*c + 5 + a = 0. Suppose -18 = -2*n + c*u, -u = -3*n + 20 + 13. Calculate the remainder when 21 is divided by n.
9
Let c = 116 - 104. What is the remainder when 119 is divided by c?
11
Let f(x) be the third derivative of -5/24*x**4 + 0 - 4/3*x**3 + 2*x**2 + 0*x. Calculate the remainder when f(-8) is divided by 17.
15
Suppose 16 = 3*h - 4*b, 2*b + 2*b + 20 = 4*h. What is the remainder when 34 is divided by h?
2
Suppose 4 + 23 = 3*j + 3*n, -5*n = -10. Calculate the remainder when -1 - -22 - (0 - -2) is divided by j.
5
Suppose 3*g + 26 = 47. Calculate the remainder when 23 is divided by g.
2
Let d(g) = -g**3 - g**2 + 40. Let l be d(0). Let j = l - 20. What is the remainder when j is divided by 7?
6
Calculate the remainder when 62 is divided by -4 + 2*(-2)/8*-74.
29
Let l(f) = f**2 - f + 2. Suppose -3*g + 15 = -2*r, -g - 93 + 28 = 4*r. Let m = r - -23. What is the remainder when l(-4) is divided by m?
6
Calculate the remainder when 28 is divided by (0 - -3 - 2) + 14.
13
Suppose 2*m + 4*n = 8*n + 46, 0 = m + 2*n - 7. Suppose 2*z = 5*z - m, -23 = 4*h - 3*z. Calculate the remainder when 10 is divided by 3*h/(-12)*8.
2
Let i = -19 + 24. Let r(o) = o**2 + 2*o - 6. Calculate the remainder when r(i) is divided by 15.
14
Let p(b) = 41*b**2 + 2*b + 1. Let v(w) = w**3 - 3*w**2 + 5*w - 4. Let a be v(2). Let g = 12 + a. Calculate the remainder when p(-1) is divided by g.
12
Let s = 93 - 87. Calculate the remainder when 23 is divided by s.
5
Let p(y) = 2*y + 43. Let s = 7 + -4. Suppose 0*x - 87 = -s*x. What is the remainder when x is divided by p(-14)?
14
Suppose 4*a - 6*f = -3*f + 112, 74 = 2*a + 3*f. What is the remainder when a is divided by 16?
15
Suppose -2 = -2*x + 2. Suppose -c - x = -1. What is the remainder when c - -17 - (-4)/(-2) is divided by 8?
6
Let t(z) = -5*z - 6. Let k(b) = -b**3 - 2. Let i be k(-2). Let o(q) = 11*q + 13. Let l(m) = i*o(m) + 13*t(m). What is the remainder when 17 is divided by l(6)?
5
Let l be (-37 + 1)/(-1) - 0. Let y(i) = 2*i + 9. Let d be y(-6). Let j = l - d. What is the remainder when j is divided by 10?
9
Suppose 2*f - 52 = -2*f. Calculate the remainder when 23 is divided by f.
10
Suppose -2*r - 4 = -2. Let w be 39/12 - r/(-4). Suppose -5*x = -3*x - 5*c + 2, -3*x + w*c = -15. Calculate the remainder when 26 is divided by x.
8
Let h = -52 + 58. Calculate the remainder when 11 is divided by h.
5
Let d = -11 - -15. Suppose d = -0*y + 2*y. Let n = 14 - y. Calculate the remainder when 35 is divided by n.
11
Let y = 21 + 17. What is the remainder when y is divided by 14?
10
Let q = 9 - 6. Suppose -p - q*i = -7, 0*i + 4*i = 2*p + 6. What is the remainder when 25 is divided by 112/12 + p/(-3)?
7
Let g = 2 - 4. Let h be 2/g + (-2 - -1). Let v = 13 - h. What is the remainder when v is divided by 8?
7
Let s(y) = 3*y**2 - 2*y + 2. Let l = -38 - -65. What is the remainder when l is divided by s(2)?
7
Suppose -k = 4*k - 70. Suppose 4*a - 6*a + 1 = 5*m, 5 = a - 2*m. Calculate the remainder when k is divided by a.
2
Suppose 5*n + w - 13 = -0*n, 3*n - 21 = -5*w. Let r = 3 - 1. What is the remainder when r is divided by n?
0
Let f = 31 - -7. What is the remainder when 189 is divided by f?
37
What is the remainder when 59 is divided by ((-35)/(-5))/((-1)/(-4)) - 4?
11
Suppose 3*q + 70 = -35. Let n = q + 56. Calculate the remainder when 16 is divided by 183/n - (-4)/14.
7
Let i(z) = 3*z**3 - 2*z**2 - 2*z + 4. Let u be ((-2)/(-4) + 0)*8. Suppose 2*s - s - u = 0, 3*s = -g + 33. What is the remainder when i(3) is divided by g?
19
Let w = -70 - -103. Let z = -28 + w. What is the remainder when 9 is divided by z?
4
Let m = -103 + 168. What is the remainder when m is divided by 33?
32
Let a be ((-6)/(-2))/(12/352). Suppose 4*s = -0*s + a. Calculate the remainder when s is divided by 8.
6
Suppose -5*r + 0*r + 5*u + 35 = 0, -3*u = -4*r + 29. What is the remainder when r is divided by 3?
2
Let x be (-3*(-1)/3)/1. What is the remainder when x - -20 - (1 - 2) is divided by 8?
6
Let k = 7 - 4. Calculate the remainder when 5 is divided by k.
2
Let m = 48 + -35. Calculate the remainder when 25 is divided by m.
12
Suppose 7*k = 59 - 3. Calculate the remainder when 12 is divided by k.
4
Calculate the remainder when 1 - 11*(-6 - -3) is divided by 10.
4
Let s(w) = w + 4. Suppose -g = 2*g - 45. What is the remainder when s(3) is divided by (-14)/(-5) + 3/g?
1
Let n(p) = -2*p**3 - 5*p**2 + 3*p - 4. What is the remainder when 95 is divided by n(-4)?
31
Suppose 34 = -0*j + 2*j. Let u = -45 - -191. Suppose 4*n + y - 249 = -n, 4*y - u = -3*n. Calculate the remainder when n is divided by j.
16
Let l(b) = b + 3. Let h be l(0). Let n(i) = -5*i**h - 2 - i + 4*i**2 + 2*i + 4*i**3. What is the remainder when n(3) is divided by 4?
2
Suppose -k + 28 = -2. What is the remainder when k is divided by 8?
6
Let a(m) = 26*m - 72. What is the remainder when a(11) is divided by 54?
52
Let r(q) = q**3 + 9*q**2 + 7*q + 19. Calculate the remainder when r(-8) is divided by 10.
7
Suppose 2*a - 5*x = -0*x - 12, -4 = -4*a + 3*x. Let z(q) = q**2 + q + 2. What is the remainder when z(-4) is divided by a?
2
Calculate the remainder when 132 is divided by (-1)/(-2)*6 + 24.
24
Calculate the remainder when (-38)/(-323) + 1866/34 is divided by 21.
13
Suppose -2*a - 4*p + 34 = 0, -7 = 3*a - 4*a - 4*p. What is the remainder when a is divided by 10?
7
Let w be 1 - (-6 + 0 + -2). Let t = 17 - w. Calculate the remainder when t is divided by 2.
0
Let q be 3*(0 + -1) + 11. Let n = q - 6. Suppose 5*s = -5*a + 5, 29 = 5*s - a - n*a. Calculate the remainder when 10 is divided by s.
2
Let a(h) = h + 30. Calculate the remainder when a(27) is divided by 3*5 + 1 + -1.
12
Let p(d) = -13*d + 2. Suppose 8*w = 5*w - 2*q - 2, 3*w = q - 8. Let r = -13 - -28. Calculate the remainder when p(w) is divided by r.
13
Calculate the remainder when 20 is divided by ((-8)/(-10))/(4/20).
0
Suppose -z + 4*d = -26, -z - 7 = 2*z + 5*d. Suppose l = z - 1. Suppose -l*i = -3*n + 17, 3*n = 3*i + 16 - 1. What is the remainder when n is divided by 2?
0
Let z(x) = x**3 + 5*x**2 - x + 1. Calculate the remainder when 23 is divided by z(-5).
5
Let m be 75*1*20/(-60). What is the remainder when (-58)/(-6) + (-4)/6 is divided by (-6)/(-15)*m/(-2)?
4
Let h(u) = u + 21. Let z be h(-16). Suppose z*n - 215 = -5*a, n = 2*a + 48 + 10. Calculate the remainder when n is divided by 17.
14
Suppose 4*t - 2*t - 20 = 0. Let q be ((-6)/(-15))/(1/t). Suppose 4*d = -20, -q*s + 5*d + 0*d = -29. Calculate the remainder when 1 is divided by s.
0
Suppose 0 = -v - 0*v + 2*f + 5, 4*v + f = 20. Suppose -v*c + 5*m = 15, 5*c - 2 - 13 = -m. What is the remainder when (-1)/c*(-2 + -60) is divided by 11?
9
Suppose -5*h = -3*y - 333, 5*h + 3*y - 279 = 78. Calculate the remainder when h is divided by 14.
13
Suppose 3*k + k - 8 = 0. Let y be (k/1 - 1) + 3. Suppose -2 - y = -o. Calculate the remainder when 16 is divided by o.
4
Suppose 4*g + 4 = -4, 2*z = 4*g + 12. Suppose -5*j + 45 + 0 = 0. Calculate the remainder when 25/(z/6*3) is divided by j.
7
Let u = 37 + -20. What is the remainder when u is divided by ((-9)/(-15))/(1/10)?
5
Suppose -4*v - o = -249, 2*v + 5*o - 81 = 30. Let j = v - 34. Let w = 9 + 1. Calculate the remainder when j is divided by w.
9
Suppose 7*n - 4*n - 57 = 0. Let s(d) = d**2 - 3*d - 9. Let a be s(-6). Suppose -4*q - 17 + a = 0. What is the remainder when n is divided by q?
5
Su